2 - 41*z + 192. Determine y(35).
-18
Let z(k) = 10*k - 3. What is z(3)?
27
Let z(d) = -145*d + 4. Determine z(-1).
149
Let l(z) = -z + 18. Determine l(24).
-6
Let b(y) = 2*y**2 + 14*y + 8. Give b(-6).
-4
Let y(j) = 3*j - 6. Determine y(8).
18
Let a(m) = 2*m - 3. Give a(4).
5
Let t(b) = b**3 + 5*b**2 - 5*b. Determine t(-6).
-6
Let a(y) = 2*y**2 - 3*y. What is a(3)?
9
Let s(t) = -t**3 + 7*t**2 - 5*t - 6. Calculate s(6).
0
Let q(h) = -h**3 - 16*h**2 - 40*h - 25. What is q(-13)?
-12
Let q(z) = -6*z**3 - z**2 - 4*z - 3. Calculate q(-1).
6
Let c(m) = 4*m - 10. What is c(12)?
38
Let j(c) = -10*c**2 + c + 2. Determine j(2).
-36
Let l(h) = -22*h**2 + 49*h - 12. Calculate l(2).
-2
Let s(i) = i**2 + 29*i + 126. Determine s(-23).
-12
Let y(o) = -3*o + 20. Calculate y(9).
-7
Let f(g) = -2*g**2 - 49*g + 34. What is f(-25)?
9
Let y(v) = v**2 + 34*v + 38. What is y(-32)?
-26
Let i(d) = 2*d**2 - 30*d + 106. Determine i(10).
6
Let w(v) = v. What is w(1)?
1
Let u(c) = c**3 + 17*c**2 - 8. Determine u(-17).
-8
Let m(f) = -f**2 - 23*f - 46. Determine m(-21).
-4
Let c(m) = 3*m**2 - 20*m - 20. What is c(8)?
12
Let x(i) = -i**3 - 15*i**2 - 14*i - 13. Calculate x(-14).
-13
Let q(g) = -13*g + 46. What is q(3)?
7
Let u(t) = 5*t + 139. Give u(-28).
-1
Let w(i) = -21*i**2 - 19*i - 20. What is w(-1)?
-22
Let x(b) = 11*b + 1. Determine x(-15).
-164
Let g(z) = -6*z + 8. Calculate g(4).
-16
Let v(q) = q**3 + q**2 - q - 10. Calculate v(0).
-10
Let g(u) = -u**3 - 10*u**2 + 12*u + 8. Calculate g(-11).
-3
Let r(k) = k**3 - 2*k**2 - 7*k + 1. Give r(4).
5
Let h(m) = m**2 - 3. Determine h(-3).
6
Let z(v) = -v**2 - 9*v - 3. Calculate z(-6).
15
Let k(p) = -8*p + 1. Determine k(1).
-7
Let b(c) = 4*c**2 - 8. Determine b(-2).
8
Let a(r) = 2*r**2 + 10*r - 9. Calculate a(-7).
19
Let h(j) = -10*j + 5. Calculate h(3).
-25
Let s(h) = 2*h**3 - 35*h**2 - 19*h + 25. Give s(18).
7
Let b(i) = -37*i - 3. What is b(2)?
-77
Let l(c) = c**3 - 5*c**2 + 4. Give l(5).
4
Let t(l) = l**3 - 9*l**2 - l + 11. Calculate t(9).
2
Let s(i) = 2*i**2 - 2*i - 4. What is s(3)?
8
Let y(a) = -a**2 + 10*a + 23. Give y(-2).
-1
Let o(b) = b**2. Calculate o(5).
25
Let n(t) = 9*t**2 - 4*t - 3. Calculate n(-2).
41
Let d(b) = -b**2 + 19*b - 19. What is d(18)?
-1
Let z(g) = 3*g**2 - 23*g + 14. Determine z(6).
-16
Let m(j) = -j + 10. Calculate m(-7).
17
Let k(z) = -3*z**3 - 5*z**2 - 4*z - 4. Give k(-3).
44
Let g(w) = -2*w - 3. What is g(-9)?
15
Let j(u) = u - 11. Determine j(18).
7
Let s(v) = v**2 - 18*v + 28. Calculate s(6).
-44
Let s(d) = 2*d + 6. Give s(4).
14
Let m(g) = 4*g**2 + 21*g + 6. Determine m(-5).
1
Let l(k) = -k**3 + 11*k**2 - 2. Give l(11).
-2
Let u(z) = 18*z**2 - 2*z + 2. Give u(1).
18
Let z(g) = g**2 - 22*g + 105. Determine z(16).
9
Let c(g) = -g**2 + 2*g - 12. Calculate c(3).
-15
Let w(x) = 5*x + 27. Give w(-6).
-3
Let r(z) = -z**3 + 18*z**2 - 14*z - 31. Give r(17).
20
Let q(v) = 4*v**2 + 168*v + 23. What is q(-42)?
23
Let c(r) = 6*r**2 + 2*r - 1. Give c(2).
27
Let s(x) = 2*x**2 - 35*x + 29. Calculate s(16).
-19
Let r(h) = 3*h**2 - 7*h + 9. Determine r(2).
7
Let u(a) = 4*a**2 + 12*a - 12. Determine u(-6).
60
Let v(t) = -5*t - 2. What is v(-5)?
23
Let f(a) = -a**2 - 5*a + 6. What is f(0)?
6
Let f(w) = -w**3 + 25*w**2 + 65*w - 44. Give f(27).
253
Let c(o) = 85*o - 419. Calculate c(5).
6
Let u(i) = i**2 - 6*i - 10. Calculate u(9).
17
Let x(u) = -u**3 + 4*u**2 + 3*u - 5. What is x(4)?
7
Let r(m) = -2*m**2 - m. Determine r(7).
-105
Let b(l) = l**2 + 2*l. Determine b(-6).
24
Let v(n) = -4*n - 16. Calculate v(5).
-36
Let s(a) = a**3 - 14*a**2 - 14*a - 22. Calculate s(15).
-7
Let d(v) = 16*v + 21. Give d(-2).
-11
Let k(i) = 42*i**3 - 4*i**2 - 2*i. What is k(-1)?
-44
Let m(k) = k**3 + 30*k**2 - 4*k - 126. Determine m(-30).
-6
Let w(t) = 5*t**3 - 4*t**2 + 3*t - 3. Calculate w(2).
27
Let i(z) = -z**3 + 10*z**2 - 6*z - 15. Give i(9).
12
Let x(v) = -v**3 + 6*v**2 - 7*v + 1. Calculate x(4).
5
Let a(t) = -t**3 + 6*t**2 - 31*t + 6. What is a(3)?
-60
Let t(v) = -v**3 - 2*v**2 + 6*v - 7. Calculate t(2).
-11
Let s(t) = 5*t**2 + 3*t + 1. Give s(2).
27
Let j(v) = -2*v + 9. Determine j(4).
1
Let i(r) = -r**3 + r**2 + 2*r + 1. Determine i(-1).
1
Let c(k) = k**2 + 20*k - 11. Determine c(-15).
-86
Let q(f) = -9*f**2 + 51*f + 52. Determine q(-1).
-8
Let p(r) = -25*r - 83. What is p(0)?
-83
Let l(b) = 39*b - 654. Calculate l(17).
9
Let b(j) = -j**3 - 15*j**2 - 15*j - 9. Calculate b(-14).
5
Let s(h) = 6*h**3 - h + 2. Give s(1).
7
Let o(a) = a**3 - 2*a**2 + 2*a + 2. Give o(2).
6
Let n(x) = 2*x + 9. Calculate n(-8).
-7
Let d(f) = 16*f + 670. Determine d(-42).
-2
Let l(r) = r**2 - 14*r + 37. Calculate l(11).
4
Let f(p) = -p**2 + 9*p - 4. What is f(8)?
4
Let i(h) = -2*h - 42. Give i(-12).
-18
Let v(d) = d - 11. Calculate v(8).
-3
Let z(v) = 10*v + 11. Give z(-1).
1
Let j(k) = -2*k + 2. Determine j(-3).
8
Let i(o) = -o**3 - 5*o**2 - 10*o - 7. What is i(-3)?
5
Let v(x) = 7*x + 83. Determine v(-16).
-29
Let x(d) = -8*d. What is x(-5)?
40
Let l(y) = y**2 + 14*y - 19. Determine l(-13).
-32
Let c(r) = 7*r + 4. Calculate c(3).
25
Let n(u) = -u**3 - 7*u**2 - 5*u - 9. Determine n(-6).
-15
Let g(j) = -j - 7. Calculate g(-7).
0
Let y(w) = 4*w + 37. Give y(-13).
-15
Let m(s) = 15*s - 127. Give m(8).
-7
Let h(j) = j - 41. Give h(18).
-23
Let m(b) = b**3 + 4*b**2 - 7*b - 7. Determine m(-5).
3
Let z(x) = -2*x**2 - 4*x + 25. Determine z(-6).
-23
Let l(s) = 8*s + 136. What is l(-18)?
-8
Let n(b) = b**3 - 10*b**2 + 14*b + 12. Give n(8).
-4
Let n(f) = -f**2 + 6*f - 6. What is n(6)?
-6
Let z(j) = 2*j - 23. What is z(24)?
25
Let q(l) = -l**3 + 13*l**2 - 12*l - 4. Give q(12).
-4
Let b(t) = -t + 15. What is b(0)?
15
Let r(a) = -a**3 - 13*a**2 + 13*a + 9. Give r(-14).
23
Let v(b) = -4*b**2 - 3*b - 4. Give v(-3).
-31
Let g(r) = 9*r**2 - 12*r - 2. Determine g(3).
43
Let s(h) = 2*h**2 - 36*h - 41. What is s(19)?
-3
Let v(c) = -c**3 + 8*c**2 + 2*c + 15. What is v(8)?
31
Let o(n) = 228*n - 1829. Determine o(8).
-5
Let y(s) = s**3 + 4*s**2 - 15*s - 54. Give y(-5).
-4
Let h(s) = 2*s**2 + 2*s. What is h(3)?
24
Let t(q) = -3*q**2 + 71*q - 40. Determine t(23).
6
Let x(o) = -4*o**3 + 4*o**2 + 4*o - 16. Determine x(2).
-24
Let m(n) = -n**3 + 27*n**2 - 24*n - 16. Determine m(26).
36
Let j(d) = -d**2 + 70*d + 71. What is j(-1)?
0
Let z(g) = 4*g**3 + 3*g**2 + 3*g. What is z(-2)?
-26
Let j(u) = -u**2 - 5*u - 10. Calculate j(-5).
-10
Let g(d) = -6*d - 29. Calculate g(-15).
61
Let m(w) = w**3 - 14*w**2 + 3. Give m(14).
3
Let g(a) = -10*a + 2. Determine g(2).
-18
Let s(v) = 3*v**2 + 17*v + 19. Determine s(-3).
-5
Let d(c) = c**2 - 27. Give d(-5).
-2
Let o(k) = -k**3 + 8*k**2 - 6*k - 13. Calculate o(7).
-6
Let v(j) = j**2 - 12*j + 41. What is v(13)?
54
Let x(t) = 14*t - 123. Determine x(8).
-11
Let j(q) = -q**3 + 8*q**2 + 8*q - 7. Determine j(7).
98
Let q(f) = 3*f**2 + 21*f - 8. Calculate q(-7).
-8
Let h(s) = -2*s - 34. Determine h(-12).
-10
Let b(q) = -q + 17. Give b(7).
10
Let r(v) = -v**3 - 7*v - 2. Give r(-2).
20
Let d(n) = -2*n**3 + 20*n**2 - 4*n + 35. What is d(10)?
-5
Let f(c) = -11*c**2 - 65*c - 131. Give f(-2).
-45
Let f(b) = b + 15. What is f(-16)?
-1
Let y(i) = 15*i**2 - 177*i - 34. Determine y(12).
2
Let y(p) = 11*p - 112. Give y(10).
-2
Let h(f) = -9*f**2 + f. What is h(1)?
-8
Let w(k) = -18*k**2 - 16*k - 28. Calculate w(-2).
-68
Let v(i) = -9*i**3 + i**2 + i. Give v(-1).
9
Let o(n) = -n**3 - 16*n**2 - 46*n + 25. Calculate o(-12).
1
Let d(y) = -y**3 - y - 5. What is d(4)?
-73
Let q(t) = -11*t - 97. Give q(-9).
2
Let u(j) = j**3 - 5*j**2 + 11*j - 21. Determine u(3).
-6
Let z(c) = -3*c**2 - 2*c + 9. Calculate z(3).
-24
Let v(c) = c**2 - 5*c - 23. Give v(10).
27
Let n(m) = -m**2 + 14*m + 35. What is n(16)?
3
Let k(u) = u**3 - 8*u**2 + 3*u - 30. Determine k(8).
-6
Let g(u) = -u**2 + 7*u + 1. Give g(6).
7
Let t(i) = i + 29. Calculate t(-22).
7
Let k(i) = -i**3 + 3*i**2 + 5*i - 4. Calculate k(3).
11
Let a(t) = 36*t**2 + t - 1. Give a(1).
36
Let z(m) = 2*m**3 + 15*m**2 + 9*m - 9. What is z(-7)?
-23
Let a(q) = -q**3 - 17*q**2 - 20*q - 51. Give a(-16).
13
Let n(q) = -q**2 - 7*q - 14. What is n(-7)?
-14
Let b(j) = 3*j + 12. Determine b(-11).
-21
Let z(g) = 5*g**2 + 7*g + 11. What is z(-3)?
35
Let n(f) = -2*f**3 + 17*f**2 - 9*f + 3. What is n(8)?
-5
Let k(c) = -6*c**3 + 23*c**2 +